hen 484 is divided by 31?
19
What is the remainder when 47941 is divided by 9?
7
What is the remainder when 264 is divided by 72?
48
Calculate the remainder when 258 is divided by 66.
60
Calculate the remainder when 73 is divided by 14.
3
What is the remainder when 113 is divided by 13?
9
Calculate the remainder when 103 is divided by 75.
28
Calculate the remainder when 610 is divided by 16.
2
What is the remainder when 140 is divided by 41?
17
What is the remainder when 193 is divided by 79?
35
What is the remainder when 117 is divided by 12?
9
Calculate the remainder when 659 is divided by 15.
14
What is the remainder when 405 is divided by 14?
13
What is the remainder when 4298 is divided by 20?
18
What is the remainder when 605 is divided by 19?
16
Calculate the remainder when 796 is divided by 57.
55
What is the remainder when 1202 is divided by 28?
26
What is the remainder when 134 is divided by 42?
8
Calculate the remainder when 344 is divided by 24.
8
Calculate the remainder when 331 is divided by 29.
12
What is the remainder when 232 is divided by 40?
32
Calculate the remainder when 1422 is divided by 19.
16
What is the remainder when 44837 is divided by 318?
317
Calculate the remainder when 783 is divided by 157.
155
Calculate the remainder when 9066 is divided by 2263.
14
Calculate the remainder when 611 is divided by 103.
96
Calculate the remainder when 545 is divided by 134.
9
What is the remainder when 391 is divided by 14?
13
What is the remainder when 407 is divided by 102?
101
Calculate the remainder when 197 is divided by 22.
21
Calculate the remainder when 67 is divided by 65.
2
What is the remainder when 20 is divided by 16?
4
What is the remainder when 335 is divided by 114?
107
Calculate the remainder when 2027 is divided by 18.
11
What is the remainder when 101 is divided by 101?
0
What is the remainder when 25409 is divided by 231?
230
What is the remainder when 13 is divided by 8?
5
Calculate the remainder when 75 is divided by 7.
5
What is the remainder when 209 is divided by 22?
11
Calculate the remainder when 238 is divided by 129.
109
What is the remainder when 217 is divided by 4?
1
Calculate the remainder when 61 is divided by 3.
1
What is the remainder when 1173 is divided by 84?
81
What is the remainder when 324 is divided by 177?
147
What is the remainder when 318 is divided by 14?
10
What is the remainder when 1969 is divided by 25?
19
Calculate the remainder when 7253 is divided by 123.
119
Calculate the remainder when 267 is divided by 232.
35
What is the remainder when 916 is divided by 20?
16
What is the remainder when 38 is divided by 22?
16
Calculate the remainder when 1620 is divided by 20.
0
Calculate the remainder when 105 is divided by 23.
13
Calculate the remainder when 125 is divided by 9.
8
Calculate the remainder when 265 is divided by 14.
13
Calculate the remainder when 6804 is divided by 41.
39
What is the remainder when 1413 is divided by 20?
13
What is the remainder when 440 is divided by 74?
70
What is the remainder when 269 is divided by 16?
13
What is the remainder when 470 is divided by 173?
124
Calculate the remainder when 835 is divided by 44.
43
Calculate the remainder when 1367 is divided by 38.
37
Calculate the remainder when 533 is divided by 65.
13
Calculate the remainder when 8023 is divided by 25.
23
Calculate the remainder when 570 is divided by 296.
274
What is the remainder when 499 is divided by 361?
138
What is the remainder when 80 is divided by 55?
25
Calculate the remainder when 357 is divided by 112.
21
What is the remainder when 129 is divided by 7?
3
Calculate the remainder when 111 is divided by 16.
15
Calculate the remainder when 19168 is divided by 213.
211
What is the remainder when 171 is divided by 60?
51
What is the remainder when 3718 is divided by 51?
46
What is the remainder when 7950 is divided by 26?
20
What is the remainder when 364 is divided by 119?
7
What is the remainder when 294 is divided by 56?
14
What is the remainder when 3379 is divided by 49?
47
Calculate the remainder when 2645 is divided by 18.
17
Calculate the remainder when 42893 is divided by 16.
13
Calculate the remainder when 380 is divided by 127.
126
What is the remainder when 6734 is divided by 27?
11
Calculate the remainder when 163 is divided by 11.
9
What is the remainder when 2015 is divided by 7?
6
What is the remainder when 27 is divided by 10?
7
What is the remainder when 86 is divided by 30?
26
Calculate the remainder when 104 is divided by 35.
34
Calculate the remainder when 19 is divided by 4.
3
Calculate the remainder when 4523 is divided by 72.
59
Calculate the remainder when 365 is divided by 61.
60
Calculate the remainder when 187 is divided by 13.
5
Calculate the remainder when 269 is divided by 16.
13
What is the remainder when 119 is divided by 32?
23
Calculate the remainder when 358 is divided by 15.
13
What is the remainder when 318 is divided by 104?
6
What is the remainder when 26 is divided by 9?
8
What is the remainder when 239 is divided by 86?
67
What is the remainder when 623 is divided by 25?
23
What is the remainder when 385 is divided by 62?
13
Calculate the remainder when 223 is divided by 200.
23
What is the remainder when 474 is divided by 17?
15
Calculate the remainder when 449 is divided by 50.
49
Calculate the remainder when 7396 is divided by 78.
64
Calculate the remainder when 131 is divided by 28.
19
Calculate the remainder when 70151 is divided by 31.
29
Calculate the remainder when 636 is divided by 7.
6
Calculate the remainder when 602 is divided by 6.
2
Calculate the remainder when 41 is divided by 30.
11
Calculate the remainder when 268 is divided by 18.
16
Calculate the remainder when 1468 is divided by 98.
96
What is the remainder when 119 is divided by 15?
14
What is the remainder when 767 is divided by 184?
31
What is the remainder when 295 is divided by 47?
13
What is the remainder when 8638 is divided by 36?
34
Calculate the remainder when 284 is divided by 67.
16
What is the remainder when 335 is divided by 69?
59
What is the remainder when 104 is divided by 29?
17
What is the remainder when 34 is divided by 13?
8
What is the remainder when 636 is divided by 10?
6
Calculate the remainder when 1382 is divided by 58.
48
What is the remainder when 59 is divided by 24?
11
Calculate the remainder when 481 is divided by 11.
8
What is the remainder when 966 is divided by 75?
66
Calculate the remainder when 209 is divided by 68.
5
What is the remainder when 647 is divided by 195?
62
What is the remainder when 212 is divided by 55?
47
What is the remainder when 249 is divided by 12?
9
Calculate the remainder when 12279 is divided by 3.
0
What is the remainder when 1026 is divided by 11?
3
Calculate the remainder when 1087 is divided by 266.
23
Calculate the remainder when 140 is divided by 9.
5
What is the remainder when 512 is divided by 499?
13
Calculate the remainder when 623 is divided by 42.
35
What is the remainder when 548 is divided by 50?
48
Calculate the remainder when 161 is divided by 54.
53
What is the remainder when 125 is divided by 44?
37
What is the remainder when 673 is divided by 659?
14
Calculate the remainder when 604 is divided by 61.
55
What is the remainder when 112 is divided by 49?
14
What is the remainder when 526 is divided by 26?
6
Calculate the remainder when 11849 is divided by 75.
74
Calculate the remainder when 1653 is divided by 45.
33
Calculate the remainder when 618 is divided by 69.
66
What is the remainder when 837 is divided by 42?
39
Calculate the remainder when 4373 is divided by 1443.
44
What is the remainder when 58 is divided by 15?
13
Calculate the remainder when 1090 is divided by 21.
19
Calculate the remainder when 209 is divided by 70.
69
What is the remainder when 333 is divided by 67?
65
What is the remainder when 78 is divided by 22?
12
What is the remainder when 58 is divided by 55?
3
What is the remainder when 375 is divided by 109?
48
Calculate the remainder when 2948 is divided by 976.
20
What is the remainder when 156 is divided by 20?
16
Calculate the remainder when 48 is divided by 3.
0
Calculate the remainder when 305 is divided by 18.
17
Calculate the remainder when 239 is divided